{"id":2405,"date":"2026-02-10T14:52:45","date_gmt":"2026-02-10T14:52:45","guid":{"rendered":"https:\/\/fjallanam.is\/?page_id=2405"},"modified":"2026-02-10T15:27:32","modified_gmt":"2026-02-10T15:27:32","slug":"elementor-2405","status":"publish","type":"page","link":"https:\/\/fjallanam.is\/?page_id=2405&lang=en","title":{"rendered":"Navigation"},"content":{"rendered":"\t\t<div data-elementor-type=\"wp-page\" data-elementor-id=\"2405\" class=\"elementor elementor-2405\" data-elementor-post-type=\"page\">\n\t\t\t\t\t\t<section class=\"elementor-section elementor-top-section elementor-element elementor-element-8574aca elementor-section-boxed elementor-section-height-default elementor-section-height-default\" data-id=\"8574aca\" data-element_type=\"section\">\n\t\t\t\t\t\t<div class=\"elementor-container elementor-column-gap-default\">\n\t\t\t\t\t<div class=\"elementor-column elementor-col-100 elementor-top-column elementor-element elementor-element-8cb3867\" data-id=\"8cb3867\" data-element_type=\"column\">\n\t\t\t<div class=\"elementor-widget-wrap elementor-element-populated\">\n\t\t\t\t\t\t<div class=\"elementor-element elementor-element-ca4f0e8 elementor-widget elementor-widget-spacer\" data-id=\"ca4f0e8\" data-element_type=\"widget\" data-widget_type=\"spacer.default\">\n\t\t\t\t<div class=\"elementor-widget-container\">\n\t\t\t\t\t\t\t<div class=\"elementor-spacer\">\n\t\t\t<div class=\"elementor-spacer-inner\"><\/div>\n\t\t<\/div>\n\t\t\t\t\t\t<\/div>\n\t\t\t\t<\/div>\n\t\t\t\t\t<\/div>\n\t\t<\/div>\n\t\t\t\t\t<\/div>\n\t\t<\/section>\n\t\t\t\t<section class=\"elementor-section elementor-top-section elementor-element elementor-element-9ceb092 elementor-section-height-min-height elementor-section-items-top elementor-section-stretched elementor-section-boxed elementor-section-height-default\" data-id=\"9ceb092\" data-element_type=\"section\" data-settings=\"{&quot;stretch_section&quot;:&quot;section-stretched&quot;,&quot;background_background&quot;:&quot;classic&quot;}\">\n\t\t\t\t\t\t<div class=\"elementor-container elementor-column-gap-default\">\n\t\t\t\t\t<div class=\"elementor-column elementor-col-100 elementor-top-column elementor-element elementor-element-1a0e282\" data-id=\"1a0e282\" data-element_type=\"column\">\n\t\t\t<div class=\"elementor-widget-wrap elementor-element-populated\">\n\t\t\t\t\t\t<div class=\"elementor-element elementor-element-429a0e1 elementor-widget elementor-widget-spacer\" data-id=\"429a0e1\" data-element_type=\"widget\" data-widget_type=\"spacer.default\">\n\t\t\t\t<div class=\"elementor-widget-container\">\n\t\t\t\t\t\t\t<div class=\"elementor-spacer\">\n\t\t\t<div class=\"elementor-spacer-inner\"><\/div>\n\t\t<\/div>\n\t\t\t\t\t\t<\/div>\n\t\t\t\t<\/div>\n\t\t\t\t<div class=\"elementor-element elementor-element-b4d8f8e elementor-widget elementor-widget-heading\" data-id=\"b4d8f8e\" data-element_type=\"widget\" data-widget_type=\"heading.default\">\n\t\t\t\t<div class=\"elementor-widget-container\">\n\t\t\t\t\t<h2 class=\"elementor-heading-title elementor-size-default\">Navigation with a smart phone<\/h2>\t\t\t\t<\/div>\n\t\t\t\t<\/div>\n\t\t\t\t<div class=\"elementor-element elementor-element-ea73c78 elementor-widget elementor-widget-text-editor\" data-id=\"ea73c78\" data-element_type=\"widget\" data-widget_type=\"text-editor.default\">\n\t\t\t\t<div class=\"elementor-widget-container\">\n\t\t\t\t\t\t\t\t\t<p>Over two meetups: the evening of February 26th and the first half of February 28th.<\/p>\t\t\t\t\t\t\t\t<\/div>\n\t\t\t\t<\/div>\n\t\t\t\t<div class=\"elementor-element elementor-element-d8a66e4 elementor-widget elementor-widget-spacer\" data-id=\"d8a66e4\" data-element_type=\"widget\" data-widget_type=\"spacer.default\">\n\t\t\t\t<div class=\"elementor-widget-container\">\n\t\t\t\t\t\t\t<div class=\"elementor-spacer\">\n\t\t\t<div class=\"elementor-spacer-inner\"><\/div>\n\t\t<\/div>\n\t\t\t\t\t\t<\/div>\n\t\t\t\t<\/div>\n\t\t\t\t<div class=\"elementor-element elementor-element-c03a934 elementor-widget elementor-widget-heading\" data-id=\"c03a934\" data-element_type=\"widget\" data-widget_type=\"heading.default\">\n\t\t\t\t<div class=\"elementor-widget-container\">\n\t\t\t\t\t<h2 class=\"elementor-heading-title elementor-size-default\">30.000 kr.<\/h2>\t\t\t\t<\/div>\n\t\t\t\t<\/div>\n\t\t\t\t\t<\/div>\n\t\t<\/div>\n\t\t\t\t\t<\/div>\n\t\t<\/section>\n\t\t\t\t<section class=\"elementor-section elementor-top-section elementor-element elementor-element-5580e93 elementor-section-boxed elementor-section-height-default elementor-section-height-default\" data-id=\"5580e93\" data-element_type=\"section\">\n\t\t\t\t\t\t<div class=\"elementor-container elementor-column-gap-default\">\n\t\t\t\t\t<div class=\"elementor-column elementor-col-100 elementor-top-column elementor-element elementor-element-512b43d\" data-id=\"512b43d\" data-element_type=\"column\">\n\t\t\t<div class=\"elementor-widget-wrap elementor-element-populated\">\n\t\t\t\t\t\t<div class=\"elementor-element elementor-element-c8e7056 elementor-widget elementor-widget-text-editor\" data-id=\"c8e7056\" data-element_type=\"widget\" data-widget_type=\"text-editor.default\">\n\t\t\t\t<div class=\"elementor-widget-container\">\n\t\t\t\t\t\t\t\t\t<p>\u00c1 \u00feessu stutta og hnitmi\u00f0a\u00f0 n\u00e1mskei\u00f0i l\u00e6ra nemendur um notkun snjalls\u00edma, sm\u00e1 forrita og \u00e1ttavita fyrir hverskonar r\u00f6tun og lei\u00f0arskipulag \u00ed \u00fativist. Snjalls\u00edminn n\u00fdtist vel sem GPS t\u00e6ki og me\u00f0 s\u00edmaforritum eins og Gaia GPS og Avenza Maps hafa notendur a\u00f0gang a\u00f0 kortagrunnum um handh\u00e6gum t\u00f3lum til a\u00f0 skipuleggja hverskonar \u00fativistar\u00e6vint\u00fdri.\u00a0<\/p><p>Snjalls\u00edmi og \u00e1ttaviti er allt sem \u00fearf til a\u00f0 rata \u2013 jafnvel \u00ed dimmustu \u00feoku.<\/p><p>N\u00e1mskei\u00f0i\u00f0 annarsvegar 3 t\u00edmar \u00ed kennslu \u00e1 s\u00edma\/t\u00f6lvu (kv\u00f6ld) og 3 timar \u00ed verklega kennslu utanh\u00fass (morgun um helgi).<\/p>\t\t\t\t\t\t\t\t<\/div>\n\t\t\t\t<\/div>\n\t\t\t\t\t<\/div>\n\t\t<\/div>\n\t\t\t\t\t<\/div>\n\t\t<\/section>\n\t\t\t\t<section class=\"elementor-section elementor-top-section elementor-element elementor-element-9c5ab4c elementor-section-boxed elementor-section-height-default elementor-section-height-default\" data-id=\"9c5ab4c\" data-element_type=\"section\">\n\t\t\t\t\t\t<div class=\"elementor-container elementor-column-gap-default\">\n\t\t\t\t\t<div class=\"elementor-column elementor-col-100 elementor-top-column elementor-element elementor-element-14b26fa\" data-id=\"14b26fa\" data-element_type=\"column\">\n\t\t\t<div class=\"elementor-widget-wrap elementor-element-populated\">\n\t\t\t\t\t\t<div class=\"elementor-element elementor-element-6b50021 elementor-widget elementor-widget-toggle\" data-id=\"6b50021\" data-element_type=\"widget\" data-widget_type=\"toggle.default\">\n\t\t\t\t<div class=\"elementor-widget-container\">\n\t\t\t\t\t\t\t<div class=\"elementor-toggle\">\n\t\t\t\t\t\t\t<div class=\"elementor-toggle-item\">\n\t\t\t\t\t<div id=\"elementor-tab-title-1121\" class=\"elementor-tab-title\" data-tab=\"1\" role=\"button\" aria-controls=\"elementor-tab-content-1121\" aria-expanded=\"false\">\n\t\t\t\t\t\t\t\t\t\t\t\t<span class=\"elementor-toggle-icon elementor-toggle-icon-left\" aria-hidden=\"true\">\n\t\t\t\t\t\t\t\t\t\t\t\t\t\t\t<span class=\"elementor-toggle-icon-closed\"><i class=\"fas fa-caret-right\"><\/i><\/span>\n\t\t\t\t\t\t\t\t<span class=\"elementor-toggle-icon-opened\"><i class=\"elementor-toggle-icon-opened fas fa-caret-up\"><\/i><\/span>\n\t\t\t\t\t\t\t\t\t\t\t\t\t<\/span>\n\t\t\t\t\t\t\t\t\t\t\t\t<a class=\"elementor-toggle-title\" tabindex=\"0\">Agenda<\/a>\n\t\t\t\t\t<\/div>\n\n\t\t\t\t\t<div id=\"elementor-tab-content-1121\" class=\"elementor-tab-content elementor-clearfix\" data-tab=\"1\" role=\"region\" aria-labelledby=\"elementor-tab-title-1121\"><p style=\"font-variant-ligatures: normal; font-variant-caps: normal; font-family: REM, sans-serif; font-size: 16px; font-style: normal; font-weight: 300;\"><span style=\"font-family: REM, sans-serif; font-size: 16px; font-style: normal; font-variant-ligatures: normal; font-variant-caps: normal; font-weight: 300;\">Sta\u00f0setning:\u00a0<\/span><span style=\"font-family: REM, sans-serif; font-size: 16px; font-style: normal; font-variant-ligatures: normal; font-variant-caps: normal; font-weight: bold;\">N\u00e1mskei\u00f0i\u00f0 er haldi\u00f0 \u00e1 H\u00f6fu\u00f0borgarsv\u00e6\u00f0inu.<\/span><\/p><p><b>26. February &#8211; Evening:<\/b>\u00a0Fari\u00f0 \u00ed \u201eb\u00f3klegan\u201c hluta innanh\u00fass. U.\u00fe.b. 3 t\u00edmar.<\/p><p><b>28. February &#8211; Day<\/b>: H\u00e1lfur dagur (morgun) vi\u00f0 l\u00e9ttar \u00e6fingar utanh\u00fass me\u00f0 \u00e1ttavita og snjallt\u00e6ki.<\/p><\/div>\n\t\t\t\t<\/div>\n\t\t\t\t\t\t\t<div class=\"elementor-toggle-item\">\n\t\t\t\t\t<div id=\"elementor-tab-title-1122\" class=\"elementor-tab-title\" data-tab=\"2\" role=\"button\" aria-controls=\"elementor-tab-content-1122\" aria-expanded=\"false\">\n\t\t\t\t\t\t\t\t\t\t\t\t<span class=\"elementor-toggle-icon elementor-toggle-icon-left\" aria-hidden=\"true\">\n\t\t\t\t\t\t\t\t\t\t\t\t\t\t\t<span class=\"elementor-toggle-icon-closed\"><i class=\"fas fa-caret-right\"><\/i><\/span>\n\t\t\t\t\t\t\t\t<span class=\"elementor-toggle-icon-opened\"><i class=\"elementor-toggle-icon-opened fas fa-caret-up\"><\/i><\/span>\n\t\t\t\t\t\t\t\t\t\t\t\t\t<\/span>\n\t\t\t\t\t\t\t\t\t\t\t\t<a class=\"elementor-toggle-title\" tabindex=\"0\">Conditions<\/a>\n\t\t\t\t\t<\/div>\n\n\t\t\t\t\t<div id=\"elementor-tab-content-1122\" class=\"elementor-tab-content elementor-clearfix\" data-tab=\"2\" role=\"region\" aria-labelledby=\"elementor-tab-title-1122\"><p>Allt \u00fativistarf\u00f3lk er velkomi\u00f0 \u00e1 \u00feetta n\u00e1mskei\u00f0 og allir sem \u00e1 einhvern h\u00e1tt \u00feurfa a\u00f0 n\u00fdta r\u00f6tun e\u00f0a skipuleggja lei\u00f0arval \u00e1 korti geta haft gaman af.<\/p><p>S\u00edmt\u00e6ki n\u00fdtist illa til lei\u00f0sagnar \u00e1 t\u00e6kjum eins og v\u00e9lsle\u00f0um og fj\u00f3rhj\u00f3lum en grunn<span style=\"font-size: 16px;\">atri\u00f0in vi\u00f0 notkun \u00e1 GPS t\u00e6kjum sem henta er s\u00fa sama. Forrit eins og Gaia GPS geta n\u00fdst mj\u00f6g vel vi\u00f0 skipulag og ger\u00f0 ferla fyrir venjuleg GPS t\u00e6ki.<\/span><\/p><p>Fjallask\u00f3li \u00cdslands getur einnig stillt upp einka-n\u00e1mskei\u00f0um fyrir vinah\u00f3pa.<\/p><\/div>\n\t\t\t\t<\/div>\n\t\t\t\t\t\t\t<div class=\"elementor-toggle-item\">\n\t\t\t\t\t<div id=\"elementor-tab-title-1123\" class=\"elementor-tab-title\" data-tab=\"3\" role=\"button\" aria-controls=\"elementor-tab-content-1123\" aria-expanded=\"false\">\n\t\t\t\t\t\t\t\t\t\t\t\t<span class=\"elementor-toggle-icon elementor-toggle-icon-left\" aria-hidden=\"true\">\n\t\t\t\t\t\t\t\t\t\t\t\t\t\t\t<span class=\"elementor-toggle-icon-closed\"><i class=\"fas fa-caret-right\"><\/i><\/span>\n\t\t\t\t\t\t\t\t<span class=\"elementor-toggle-icon-opened\"><i class=\"elementor-toggle-icon-opened fas fa-caret-up\"><\/i><\/span>\n\t\t\t\t\t\t\t\t\t\t\t\t\t<\/span>\n\t\t\t\t\t\t\t\t\t\t\t\t<a class=\"elementor-toggle-title\" tabindex=\"0\">Equipment<\/a>\n\t\t\t\t\t<\/div>\n\n\t\t\t\t\t<div id=\"elementor-tab-content-1123\" class=\"elementor-tab-content elementor-clearfix\" data-tab=\"3\" role=\"region\" aria-labelledby=\"elementor-tab-title-1123\"><p>Snjallt\u00e6ki me\u00f0 appinu Gaia GPS er nau\u00f0synlegt. Ekki er nau\u00f0synlegt a\u00f0 vera me\u00f0 greidda \u00e1skrift.\u00a0<\/p><p>Vi\u00f0eigandi fatna\u00f0ur fyrir utanh\u00fass-hlutann.<\/p><\/div>\n\t\t\t\t<\/div>\n\t\t\t\t\t\t\t\t<\/div>\n\t\t\t\t\t\t<\/div>\n\t\t\t\t<\/div>\n\t\t\t\t\t<\/div>\n\t\t<\/div>\n\t\t\t\t\t<\/div>\n\t\t<\/section>\n\t\t\t\t<section class=\"elementor-section elementor-top-section elementor-element elementor-element-87c2eaa elementor-section-boxed elementor-section-height-default elementor-section-height-default\" data-id=\"87c2eaa\" data-element_type=\"section\">\n\t\t\t\t\t\t<div class=\"elementor-container elementor-column-gap-default\">\n\t\t\t\t\t<div class=\"elementor-column elementor-col-100 elementor-top-column elementor-element elementor-element-a7eca24\" data-id=\"a7eca24\" data-element_type=\"column\">\n\t\t\t<div class=\"elementor-widget-wrap elementor-element-populated\">\n\t\t\t\t\t\t<div class=\"elementor-element elementor-element-144f95d elementor-widget elementor-widget-spacer\" data-id=\"144f95d\" data-element_type=\"widget\" data-widget_type=\"spacer.default\">\n\t\t\t\t<div class=\"elementor-widget-container\">\n\t\t\t\t\t\t\t<div class=\"elementor-spacer\">\n\t\t\t<div class=\"elementor-spacer-inner\"><\/div>\n\t\t<\/div>\n\t\t\t\t\t\t<\/div>\n\t\t\t\t<\/div>\n\t\t\t\t<div class=\"elementor-element elementor-element-71c6622 elementor-widget elementor-widget-heading\" data-id=\"71c6622\" data-element_type=\"widget\" data-widget_type=\"heading.default\">\n\t\t\t\t<div class=\"elementor-widget-container\">\n\t\t\t\t\t<h2 class=\"elementor-heading-title elementor-size-default\">Skr\u00e1ning<\/h2>\t\t\t\t<\/div>\n\t\t\t\t<\/div>\n\t\t\t\t<div class=\"elementor-element elementor-element-26a36aa elementor-widget elementor-widget-text-editor\" data-id=\"26a36aa\" data-element_type=\"widget\" data-widget_type=\"text-editor.default\">\n\t\t\t\t<div class=\"elementor-widget-container\">\n\t\t\t\t\t\t\t\t\t<p>Vinsamlegast fylli\u00f0 inn alla reitin svo skr\u00e1ningin teljist gild. Athugi\u00f0 a\u00f0 frekari uppl\u00fdsingar um n\u00e1mskei\u00f0i\u00f0 berast \u00ed t\u00f6lvup\u00f3sti \u00feegar n\u00e6r dregur.<\/p>\t\t\t\t\t\t\t\t<\/div>\n\t\t\t\t<\/div>\n\t\t\t\t<div class=\"elementor-element elementor-element-342856e elementor-widget elementor-widget-shortcode\" data-id=\"342856e\" data-element_type=\"widget\" data-widget_type=\"shortcode.default\">\n\t\t\t\t<div class=\"elementor-widget-container\">\n\t\t\t\t\t\t\t<div class=\"elementor-shortcode\">Skr\u00e1ningu \u00e1 Snj\u00f3fl\u00f3\u00f0an\u00e1mskei\u00f0 hefur veri\u00f0 loka\u00f0.<\/div>\n\t\t\t\t\t\t<\/div>\n\t\t\t\t<\/div>\n\t\t\t\t\t<\/div>\n\t\t<\/div>\n\t\t\t\t\t<\/div>\n\t\t<\/section>\n\t\t\t\t<\/div>\n\t\t","protected":false},"excerpt":{"rendered":"<p>Navigation with a smart phone Over two meetups: the evening of February 26th and the first half of February 28th. 30.000 kr. \u00c1 \u00feessu stutta og hnitmi\u00f0a\u00f0 n\u00e1mskei\u00f0i l\u00e6ra nemendur [&hellip;]<\/p>\n","protected":false},"author":3,"featured_media":0,"parent":0,"menu_order":0,"comment_status":"closed","ping_status":"closed","template":"","meta":{"footnotes":""},"class_list":["post-2405","page","type-page","status-publish","hentry","entry"],"_links":{"self":[{"href":"https:\/\/fjallanam.is\/index.php?rest_route=\/wp\/v2\/pages\/2405","targetHints":{"allow":["GET"]}}],"collection":[{"href":"https:\/\/fjallanam.is\/index.php?rest_route=\/wp\/v2\/pages"}],"about":[{"href":"https:\/\/fjallanam.is\/index.php?rest_route=\/wp\/v2\/types\/page"}],"author":[{"embeddable":true,"href":"https:\/\/fjallanam.is\/index.php?rest_route=\/wp\/v2\/users\/3"}],"replies":[{"embeddable":true,"href":"https:\/\/fjallanam.is\/index.php?rest_route=%2Fwp%2Fv2%2Fcomments&post=2405"}],"version-history":[{"count":19,"href":"https:\/\/fjallanam.is\/index.php?rest_route=\/wp\/v2\/pages\/2405\/revisions"}],"predecessor-version":[{"id":2460,"href":"https:\/\/fjallanam.is\/index.php?rest_route=\/wp\/v2\/pages\/2405\/revisions\/2460"}],"wp:attachment":[{"href":"https:\/\/fjallanam.is\/index.php?rest_route=%2Fwp%2Fv2%2Fmedia&parent=2405"}],"curies":[{"name":"wp","href":"https:\/\/api.w.org\/{rel}","templated":true}]}}